ue
Does 150 divide 305212350?
True
Does 17 divide 4331828956?
True
Is 42 a factor of 2099025306?
True
Is 22 a factor of 47677469?
False
Is 63839963 a multiple of 692?
False
Does 35 divide 539482720?
True
Is 1163044115 a multiple of 126?
False
Does 90 divide 1802790?
True
Is 7 a factor of 17549077?
True
Is 447424154 a multiple of 4?
False
Is 340778451 a multiple of 13?
True
Does 77 divide 2812520618?
False
Is 308 a factor of 2190428169?
False
Does 2018 divide 357710599?
False
Is 33 a factor of 142824321?
False
Is 44 a factor of 6802554352?
True
Is 7 a factor of 40263351?
False
Is 155 a factor of 15770630?
True
Does 27 divide 11393433?
True
Is 785 a factor of 89388735?
True
Is 97 a factor of 1003481288?
False
Does 35 divide 9204584?
False
Is 593289503 a multiple of 2478?
False
Is 75621818 a multiple of 76?
False
Is 1100 a factor of 14062434?
False
Is 143 a factor of 16797111?
False
Does 37 divide 10325479?
True
Is 2751 a factor of 301115061?
False
Is 79651902 a multiple of 66?
True
Is 276 a factor of 3556543?
False
Does 296 divide 542585142?
False
Does 35 divide 1481634?
False
Does 2 divide 161483825?
False
Is 18746922 a multiple of 6?
True
Is 45 a factor of 6780600?
True
Does 699 divide 31854129?
True
Is 444987621 a multiple of 17?
False
Is 5756278 a multiple of 5?
False
Does 51 divide 6203028?
True
Is 2372 a factor of 50864773?
False
Is 1917010 a multiple of 53?
True
Does 62 divide 100013666?
False
Does 16 divide 774751456?
True
Does 26 divide 61596063?
False
Is 1190 a factor of 18548530?
True
Is 4695761 a multiple of 3?
False
Is 17 a factor of 90857943?
False
Does 8494 divide 702012112?
True
Is 15 a factor of 5695234?
False
Does 41 divide 5926350084?
True
Is 2860633965 a multiple of 651?
True
Does 216 divide 1563502471?
False
Is 399947836 a multiple of 2902?
True
Is 55155370 a multiple of 19?
False
Is 1273305 even?
False
Does 44 divide 1008224891?
False
Is 350322 even?
True
Does 37 divide 146901544?
True
Is 13519332 a multiple of 54?
True
Is 6 a factor of 11281774?
False
Is 1223 a factor of 469629554?
True
Is 845 a factor of 36043475?
True
Is 419656658 a multiple of 4842?
False
Is 29 a factor of 139502818?
True
Is 4166568 a multiple of 196?
True
Does 432 divide 11071381?
False
Is 31 a factor of 10798714?
False
Is 11675025 a multiple of 466?
False
Is 153 a factor of 194583411?
True
Does 10 divide 154471130?
True
Is 60 a factor of 102998640?
True
Is 1800641564 a multiple of 34?
True
Is 47 a factor of 2967368265?
True
Is 907077264 a multiple of 16?
True
Is 997 a factor of 85799209?
False
Does 22 divide 266418966?
True
Does 1534 divide 1174209953?
False
Does 1186 divide 251818636?
True
Is 6653145 a multiple of 23?
False
Is 2343 a factor of 842033201?
False
Does 6 divide 225587368?
False
Does 18 divide 1039337351?
False
Is 3520 a factor of 2877711677?
False
Does 1074 divide 93924298?
False
Does 34 divide 120887074?
False
Is 564 a factor of 5955933?
False
Is 3 a factor of 3584023?
False
Does 359 divide 372849604?
False
Is 68 a factor of 815823336?
True
Is 145 a factor of 20467273?
False
Is 67956905 a multiple of 17?
True
Is 64 a factor of 10462969?
False
Does 94 divide 94591515?
False
Is 413 a factor of 88641364?
True
Does 16 divide 8802393?
False
Does 910 divide 809038015?
False
Is 38952927 a multiple of 3?
True
Is 3802592 a multiple of 32?
True
Is 5 a factor of 90405195?
True
Is 16284779 a multiple of 79?
False
Does 1149 divide 2654591955?
False
Is 15 a factor of 132817500?
True
Is 1069896877 a multiple of 8?
False
Does 36 divide 8924580?
True
Does 17 divide 168053398?
True
Does 3072 divide 275721216?
True
Is 1928816550 a multiple of 1350?
True
Is 7867477 a multiple of 219?
False
Does 261 divide 85976935?
False
Is 11 a factor of 810772004?
False
Does 3778 divide 990344636?
False
Is 87741839 a multiple of 11?
False
Is 10010463 a multiple of 9?
False
Is 14642674 a multiple of 46?
True
Does 208 divide 3208914800?
True
Is 360741676 a multiple of 294?
False
Is 10 a factor of 722167120?
True
Is 498 a factor of 140424693?
False
Does 229 divide 215141956?
False
Is 12385212 a multiple of 12?
True
Does 4 divide 2405545?
False
Does 21 divide 715594446?
True
Is 772413777 a multiple of 1641?
True
Does 4702 divide 908031432?
True
Is 42730719 a multiple of 918?
False
Is 29023483 a multiple of 116?
False
Is 6775472 a multiple of 12?
False
Is 1870 a factor of 2528240?
True
Is 27 a factor of 22906202?
False
Does 5 divide 539706870?
True
Does 50 divide 25578307?
False
Is 9 a factor of 502604862?
False
Is 203 a factor of 304774862?
True
Is 4216524234 a multiple of 26?
True
Is 107815500 a multiple of 228?
True
Is 1161775950 a multiple of 185?
True
Does 57 divide 1768320?
False
Does 221 divide 696576309?
True
Does 2163 divide 13583640?
True
Does 4999 divide 2593849172?
False
Is 77333376 a multiple of 728?
False
Is 753268005 a multiple of 13?
False
Is 10 a factor of 326556920?
True
Is 501734893 a multiple of 3767?
False
Does 137 divide 70300454?
True
Is 74607789 a multiple of 5?
False
Does 570 divide 74362770?
True
Is 912717864 a multiple of 599?
True
Is 70196124 a multiple of 2494?
True
Is 706472338 a multiple of 2167?
True
Is 2857666068 a multiple of 9972?
True
Does 715 divide 52246480?
True
Does 592 divide 560786208?
True
Does 83 divide 35040869?
False
Is 144 a factor of 20209824?
True
Does 11 divide 1091218887?
True
Does 1003 divide 200533802?
True
Does 1853 divide 249156233?
True
Does 130 divide 85844403?
False
Does 2803 divide 40784107?
False
Is 543 a factor of 32448594?
True
Is 308 a factor of 20037474?
False
Is 1685 a factor of 303310110?
True
Is 917532994 a multiple of 14?
True
Does 4 divide 17094150?
False
Is 277216562 a multiple of 850?
False
Is 36961869 a multiple of 1527?
False
Is 397 a factor of 1063541?
False
Is 56912142 a multiple of 14?
True
Is 82 a factor of 5274268?
False
Is 105 a factor of 626085937?
False
Does 178 divide 72015062?
True
Does 132 divide 4909053?
False
Does 151 divide 4353010937?
True
Is 9 a factor of 24873091?
False
Does 1990 divide 47263277?
False
Is 10513070 a multiple of 23?
True
Does 10 divide 25875520?
True
Does 1267 divide 2437402653?
True
Is 138960515 a multiple of 39?
False
Is 74 a factor of 3465844945?
False
Does 40 divide 249060553?
False
Is 92455584 a multiple of 23?
True
Is 29310978 a multiple of 101?
False
Is 14 a factor of 479256610?
True
Does 220 divide 92631440?
True
Is 10 a factor of 255468648?
False
Does 7 divide 211212406?
False
Is 27030768 a multiple of 321?
True
Is 93852010 a multiple of 282?
False
Is 1220 a factor of 47665881?
False
Does 573 divide 287831351?
False
Is 120 a factor of 92120400?
True
Is 412 a factor of 756389976?
True
Does 52 divide 70149463?
False
Is 30 a factor of 16383417?
False
Does 2329 divide 171625069?
False
Is 98 a factor of 35111538?
True
Does 6 divide 5115887?
False
Is 4 a factor of 429544210?
False
Does 102 divide 1647043298?
False
Is 95 a factor of 29910450?
False
Is 34 a factor of 2740088798?
True
Does 25 divide 105183875?
True
Does 2468 divide 245366869?
False
Does 1507 divide 14816368?
False
Is 1015213491 a multiple of 8?
False
Is 69 a factor of 18924005?
False
Is 11 a factor of 99364886?
False
Does 11 divide 33782641?
False
Is 3434965525 a multiple of 2825?
True
Does 71 divide 20217392?
True
Is 65960473 a multiple of 30?
False
Is 91662313 a multiple of 2?
False
Is 7754112 a multiple of 2327?
False
Is 526 a factor of 11855891?
False
Is 5657 a factor of 821346933?
False
Is 8 a factor of 863568?
True
Is 4205657067 a multiple of 31?
True
Does 240 divide 12980558?
False
Is 589305259 a multiple of 1302?
False
Does 16 divide 372918560?
True
Does 7 divide 1327201358?
True
Does 21 divide 75217157?
False
Does 19 divide 3524019168?
False
Does 7833 divide 3529404129?
False
Does 1653 divide 427517670?
False
Is 10279276 a multiple of 2177?
False
Is 46729362 a multiple of 97?
True
Does 8 divide 41610752?
True
Is 203 a factor of 37862951?
True
Does 1079 divide 5969028?
True
Is 19 a factor of 2706265?
True
Is 9275 a factor of 1475001164?
False
Is 562649706 a multiple of 261?
True
Does 5596 divide 2488877776?
False
Does 5 divide 12855857?
False
Does 29 divide 3668131613?
True
Does 1214 divide 106327051?
False
Does 27 divide 265133547?
True
Is 3458601265 a multiple of 15?
False
Does 157 divide 2